= 503 - 487. Suppose -3*y - 3 = -15, t - 3*y = -p. Let o(j) = j**3 + 5*j**2 + 2*j - 4. Calculate o(t).
4
Suppose -22 = -8*t + 82. Suppose t*d - 18 = 16*d. Let b(o) = o**2 + 6*o + 9. Determine b(d).
9
Let c(i) = -7*i**2 + 56*i - 133. Let u(q) = -4*q**2 + 28*q - 63. Let g(s) = -3*c(s) + 5*u(s). Give g(27).
57
Let l(p) = -p**2 + 5*p - 4. Let m(f) = 9*f**2 - 33*f - 4. Let a be m(4). Suppose -21 = y - a*y. Determine l(y).
2
Let k(t) = 6 + 21*t + 16*t + t**2 - 59*t + 4 + 14*t. What is k(3)?
-5
Let p(i) be the second derivative of 0 + 1/12*i**4 - 81*i - 2/3*i**3 + 1/2*i**2. Calculate p(5).
6
Let h = 7893 + -7879. Let z(c) = -2*c**2 + 28*c + 25. Calculate z(h).
25
Let h be ((-27)/(-18))/((-21)/(-126)). Let l(j) = -4*j + 36. What is l(h)?
0
Let x(c) = -22*c + 123. Let r = -4468 - -4474. Calculate x(r).
-9
Let m be (-72)/(-1116) - (-872)/(-62). Let p(s) = -s**2 - 14*s - 11. Give p(m).
-11
Let c be (16/(208/117))/(-1). Let n(d) = d**3 + 12*d**2 + 27*d - 4. Calculate n(c).
-4
Let y(t) = -23*t + 3. Let g(s) = 12*s + 61. Let w be g(-5). What is y(w)?
-20
Let y(t) = -3*t - 54. Let a = -221 - -229. Determine y(a).
-78
Let g(q) be the third derivative of -q**4/6 + q**3/2 - 9340*q**2. What is g(2)?
-5
Let f(a) = -5*a**2 - 43*a + 37. Let c(g) = -2*g**2 - 21*g + 23. Let h(w) = -7*c(w) + 3*f(w). Determine h(15).
-5
Let x(w) = 626*w - 193. Let g(y) = 240*y - 97. Let d(i) = -5*g(i) + 2*x(i). Determine d(-2).
-5
Let g(k) be the third derivative of -k**4/2 - k**3/2 + 2*k**2 - 1566*k. Give g(-2).
21
Let s(u) = 324*u + 1969. Let m be s(-6). Let n(i) be the third derivative of 7/24*i**4 - 1/60*i**5 - i**3 + 0 + 0*i + m*i**2. Calculate n(8).
-14
Let k(x) = 4 - 32810*x**2 + 1 - 2*x + 32808*x**2. Give k(2).
-7
Let t(n) be the second derivative of -1/3*n**4 - 16/3*n**3 - 35*n + 0 - 1/120*n**5 + 0*n**2. Let l(s) be the second derivative of t(s). Determine l(-5).
-3
Let o be -3*(0 + -6 + 5)*-5. Let h(w) = 2*w**3 - 18*w**2 + w + 18. Let f(j) = 3*j**3 - 35*j**2 + 2*j + 36. Let v(i) = 3*f(i) - 5*h(i). Give v(o).
3
Let a(w) = -2*w**2 + 91*w - 616. Let b be a(37). Let n(f) = 2*f**2 - 26*f + 2. Determine n(b).
2
Let z(i) = 3*i - 7*i**2 + 112 + i**3 + i**2 - i**2 - 106. Let l = -4 + 8. Suppose -2*h + l*h - 12 = 0. Determine z(h).
-12
Let x(z) = -z. Let r(y) = -y**2 + 7*y + 34. Let a(h) = -r(h) + 5*x(h). Determine a(14).
-6
Let p be (10 - -6 - 19)*13. Let y(t) = t**3 + 40*t**2 + 31*t - 314. Give y(p).
-2
Suppose -4*q = -z + 8, 5*z + 17*q = 14*q - 6. Let p(m) be the first derivative of -2*m**4 + 1 + z*m**2 - 1/3*m**3 + m. Give p(-1).
8
Let x(i) = 5*i**2 - 52*i - 5. Let c be x(11). Let w(d) = -10*d + 4. Let j be w(-3). Let a = c - j. Let b(m) = -m**2 - 6*m - 7. What is b(a)?
-7
Let d(x) be the third derivative of x**5/120 + x**4/4 + 8*x**3/3 + 20*x**2. Let b(f) be the first derivative of d(f). Let o = 37 + -42. Determine b(o).
1
Let c be 54/405 + (-616)/(-105). Let q(o) = o**2 - 4*o - 11. Determine q(c).
1
Let m(j) = 116*j + 17. Let l(v) = -83*v - 12. Let u(x) = 7*l(x) + 5*m(x). Suppose 0*s = -5*t - 3*s + 43, -29 = -3*t - 5*s. Let g = 5 - t. What is u(g)?
4
Let f(u) be the first derivative of -u**6/360 - 2*u**5/15 - 19*u**4/24 + 119*u**3/3 + 99. Let l(j) be the third derivative of f(j). What is l(-14)?
9
Let q(n) = 34*n - 139 + 10*n - 114 + 270 - 13*n. Determine q(-1).
-14
Let s(u) be the first derivative of 3*u**2/2 - 43*u + 713. Calculate s(11).
-10
Let d(j) = 33*j**2 + 11*j. Let h(b) = -28*b**2 - 9*b + 1. Let t(l) = -5*d(l) - 6*h(l). Calculate t(-2).
8
Let s(o) = o**2 - 10*o + 9. Suppose -751*x + 811*x = 180. What is s(x)?
-12
Let l(t) = 17*t + 38. Let r be l(-3). Let d(u) = -11*u**2 - 7*u + 12. Let p(c) = -24*c**2 - 16*c + 25. Let m(f) = r*d(f) + 6*p(f). Give m(-4).
-2
Let u(t) = t**3 + 4*t**2 + 3*t + 3. Suppose -43 = -5*b - 33. Suppose 0*d + 7 = -5*f + 3*d, b*d + 2 = 0. Calculate u(f).
5
Let a(w) = w + 170. Let q(g) = 2*g + 598. Let u(x) = -7*a(x) + 2*q(x). Let p = 1 + 1. Let y be (12/9)/(p/6). What is u(y)?
-6
Let a = -41 + 33. Let z(q) be the third derivative of -q**4/12 - 7*q**3/6 - 607*q**2. Determine z(a).
9
Let v(p) be the first derivative of -p**5/60 - 5*p**4/8 - 5*p**3/3 - 8*p**2 + 2*p - 103. Let b(g) be the second derivative of v(g). Give b(-14).
4
Suppose -2*m - 2*y = 194, 4*y = 29*m - 34*m - 481. Let x be m/12 - (-14)/(-56). Let q(l) be the first derivative of l**2/2 + 10*l - 1. What is q(x)?
2
Let p = -3861 - -3868. Let n(k) = 2*k**2 - k + 37. Calculate n(p).
128
Suppose 3*m = 214*q - 210*q + 16, -q - 5 = -m. Let x(f) = 11*f**2 - 3*f - 3. Give x(q).
11
Suppose a - 35 = 4*f, -3*a + 1767*f = 1765*f - 15. Let o(m) be the first derivative of 2*m**3/3 + m**2 + m + 1. Determine o(a).
1
Let m(w) = -w**2. Suppose 135 = 15*r - 105. Let y(q) = 2*q**3 + q**2 + 2*q - 1. Let s be y(-2). Let a = s + r. Determine m(a).
-1
Let u = -3439 - -3454. Let z(r) = -r**3 + 14*r**2 + 14*r - 2. Give z(u).
-17
Suppose 3*k + 5*l - 3 = 8, 0 = 2*k - l - 16. Let h(f) be the third derivative of -f**4/8 + 3*f**3 + 2*f**2 + 20. What is h(k)?
-3
Let i(d) be the third derivative of d**4/8 - 32*d**3/3 - 3*d**2 - 2326. Determine i(22).
2
Let a(v) = 8 - 11*v - 4*v + 26*v - 12*v. Let b be (-7 + (-4)/(-4))*(-1 + 0). Suppose -33 = -b*k + 9. What is a(k)?
1
Let m(o) = -o**2 + 239*o - 941. Let p be m(4). Let r(n) be the second derivative of 5*n**3/6 + n**2/2 + 2*n. What is r(p)?
-4
Let r(u) be the third derivative of u**4/6 - u**3/3 - 29*u**2. Suppose 23*n = 16*n + 28. What is r(n)?
14
Let c(j) = j**3 + j**2 - 1. Let x(g) = 3*g**3 + 10*g**2 - 2*g - 12. Let r(h) = 2*c(h) - x(h). Let t be (-17908)/(-33) + 8/(-12). Let y = t - 550. What is r(y)?
-6
Let a(b) be the third derivative of b**6/120 - b**5/10 - b**4/4 + b**3/6 + 15*b**2. Suppose -8 = -d - x + 4, -x + 45 = 4*d. Let l = -4 + d. What is a(l)?
8
Let y be (-4)/(3/(12/(-8))). Let c be 4/12*15 - 3. Let n(f) = 5*f**2 - 8*f**2 + c*f**y - f + 1. Calculate n(2).
-5
Let w = 2517/10036 - 2/2509. Let q(m) be the second derivative of -11*m - w*m**4 - 3/2*m**2 - 1/20*m**5 + 0 - 1/6*m**3. What is q(-4)?
17
Let p(d) be the third derivative of -4*d**4/3 - 199*d**3/6 + 72*d**2 - 3*d. Give p(-6).
-7
Let n(y) = -38 + 3*y**2 - 5*y**2 + 3*y**2 - 10*y + 34. Determine n(10).
-4
Let f(w) = 2*w**2 - 4*w - 881. Let t be f(-20). Let g(m) = -10*m**2 + 5*m + 5. Give g(t).
-10
Let v(r) = -18*r - 213. Let n be ((-1)/(-3))/(511/(-16863)). What is v(n)?
-15
Let p be (-3)/(-5) + -1 - 4521/685 - -42. Let k(m) = 6*m - 206. Calculate k(p).
4
Let d(s) = -5*s**2 - 251*s - 60. Let j be d(-50). Let k(b) = -b**2 - 7*b + 23. What is k(j)?
-7
Let h = 1 - -1. Let y(t) be the first derivative of t**6/360 + t**4/12 + 26*t**3/3 + 5. Let b(c) be the third derivative of y(c). Determine b(h).
6
Let t = -2592 - -2595. Let z(i) = -5*i**2 - 8*i + 7. What is z(t)?
-62
Suppose -6*r = -0*r. Let j(o) = -3*o**3 - 5*o**2 - 3*o - 1. Let f(p) = -4*p**3 - 6*p**2 - 4*p - 2. Let i(k) = -4*f(k) + 5*j(k). Give i(r).
3
Let x = -301 + 305. Let s(u) = -u + 3*u**2 - 4*u**3 + 5*u**3 + 0*u - x*u + 1 + u. Let h be (2*(-6)/(-4))/(-1). Calculate s(h).
13
Let p = -19 + 39. Let m = -13 + p. Let h(s) = 6*s**2 - s**3 + 1 + m*s - 5 + 7 + 6. Determine h(7).
9
Let c(m) = m**3 - 7*m**2 - m + 7. Let z(t) = -1. Let n(b) = c(b) - 3*z(b). Let o = 775 - 1034. Let u = o - -266. Calculate n(u).
3
Let v(k) be the second derivative of -72*k + 0 + 5/2*k**2 - 1/6*k**3. Suppose 11 + 1 = 3*o. Give v(o).
1
Suppose 15*m = 8*m + 126. Let g(i) = -49*i + m*i + 16*i + 6 + 16*i. Suppose y + 3*f = -y - 12, 5*f = 0. Determine g(y).
0
Let c(s) = 3*s - 46. Let q be c(11). Let x(o) = -7*o**2 - 5*o + 2. Let n(m) = -15*m**2 - 12*m + 5. Let j(p) = q*x(p) + 6*n(p). Calculate j(7).
4
Let w(l) = -2*l**2 - 15*l - 67. Let d(m) = -1257*m + 2508. Let t be d(2). Determine w(t).
-49
Let x(g) = -g. Let r be (-141)/1*(-3 - 50/(-15)). Let t = -54 - r. What is x(t)?
7
Let t(j) = -2*j**3 - 5*j**2 + 4*j + 5. Let w(c) = c**3 + 7*c**2 - 4*c - 6. Let h(p) = -6*t(p) - 5*w(p). Calculate h(-1).
-8
Let w(z) = -z**3 - 17*z**2 - z - 29. Suppose -171*m = 4*c - 170*m + 68, -c - 17 = m. Calculate w(c).
-12
Let p be (12 - 1) + ((-5742)/54)/11. Let q(j) be the first derivative of -1/4*j**4 + p*j**3 + 2*j**2 - 12 - 3*j. What is q(5)?
-8
Let o(h) = h**3 + 6*h**2 + 2*h + 7. Suppose -23*s = -26*s 